{"id":171,"date":"2021-02-28T15:18:51","date_gmt":"2021-02-28T15:18:51","guid":{"rendered":"https:\/\/www.schutzengelapotheke.wien\/?page_id=171"},"modified":"2023-11-27T20:12:22","modified_gmt":"2023-11-27T20:12:22","slug":"zahnaerztlicher-nacht-und-wochenenddienst","status":"publish","type":"page","link":"https:\/\/www.schutzengelapotheke.wien\/?page_id=171","title":{"rendered":"Zahn\u00e4rztlicher Nacht- und Wochenenddienst"},"content":{"rendered":"\n<h3 class=\"wp-block-heading\"><strong>Zahn\u00e4rztlicher Nacht- und Wochenenddienst der Zahn\u00e4rztekammer Wien (Tonbandinformation)<\/strong><\/h3>\n\n\n\n<p>Tel.: 01 512 20 78<br><strong>T\u00e4glich 20-1 Uhr, Samstag, Sonntag, Feiertag 9-18 Uhr<\/strong><br><a href=\"https:\/\/wr.zahnaerztekammer.at\/patientinnen\/notdienstsuche\/\">wr.zahnaerztekammer.at<\/a><\/p>\n\n\n\n<p><\/p>\n\n\n\n<h3 class=\"wp-block-heading\"><strong>Notdienst der Universit\u00e4tszahnklinik Wien<\/strong><\/h3>\n\n\n\n<p>Tel.: 01 40070<br>Achtung! Telefonische Anmeldung f\u00fcr Zahnarzt-Notdienst erforderlich.<br><strong>Sa, So, Feiertag: 8 &#8211; 13 Uhr<\/strong><br>Sensengasse 2a<br>1090 Wien<br><a href=\"https:\/\/www.unizahnklinik-wien.at\/infos-fuer-patientinnen\/notdienst\/\">https:\/\/www.unizahnklinik-wien.at\/infos-fuer-patientinnen\/notdienst\/<\/a><\/p>\n\n\n\n<p><\/p>\n\n\n\n<h3 class=\"wp-block-heading\"><strong>Zahn\u00e4rztlicher Notdienst (Wahlarzt)<\/strong><\/h3>\n\n\n\n<p>T: +43 (0)1 925 66 90<\/p>\n\n\n\n<p>Achtung! Telefonische Anmeldung f\u00fcr Zahnarzt-Notdienst erforderlich.<\/p>\n\n\n\n<p>Sieveringer Stra\u00dfe 18\/5<br>1190 Wien<\/p>\n\n\n\n<figure class=\"wp-block-embed\"><div class=\"wp-block-embed__wrapper\">\nhttps:\/\/www.zahnarzt-notdienst-wien.at\/\n<\/div><\/figure>\n","protected":false},"excerpt":{"rendered":"<p>Zahn\u00e4rztlicher Nacht- und Wochenenddienst der Zahn\u00e4rztekammer Wien (Tonbandinformation) Tel.: 01 512 20 78T\u00e4glich 20-1 Uhr, Samstag, Sonntag, Feiertag 9-18 Uhrwr.zahnaerztekammer.at Notdienst der Universit\u00e4tszahnklinik Wien Tel.: 01 40070Achtung! Telefonische Anmeldung f\u00fcr Zahnarzt-Notdienst erforderlich.Sa, So, Feiertag: 8 &#8211; 13 UhrSensengasse 2a1090 Wienhttps:\/\/www.unizahnklinik-wien.at\/infos-fuer-patientinnen\/notdienst\/ Zahn\u00e4rztlicher Notdienst (Wahlarzt) T: +43 (0)1 &hellip; <\/p>\n<p><a href=\"https:\/\/www.schutzengelapotheke.wien\/?page_id=171\" class=\"more-link\"><span class=\"morelink-icon\">Weiterlesen<\/span><\/a><\/p>\n","protected":false},"author":2,"featured_media":0,"parent":0,"menu_order":0,"comment_status":"closed","ping_status":"closed","template":"","meta":{"footnotes":""},"class_list":["post-171","page","type-page","status-publish","hentry"],"yoast_head":"<!-- This site is optimized with the Yoast SEO plugin v23.5 - https:\/\/yoast.com\/wordpress\/plugins\/seo\/ -->\n<title>Zahn\u00e4rztlicher Nacht- und Wochenenddienst - Schutzengel Apotheke<\/title>\n<meta name=\"description\" content=\"Zahn\u00e4rztlicher Nacht- und Wochenenddienst in Wien\" \/>\n<meta name=\"robots\" content=\"index, follow, max-snippet:-1, max-image-preview:large, max-video-preview:-1\" \/>\n<link rel=\"canonical\" href=\"https:\/\/www.schutzengelapotheke.wien\/?page_id=171\" \/>\n<meta property=\"og:locale\" content=\"de_DE\" \/>\n<meta property=\"og:type\" content=\"article\" \/>\n<meta property=\"og:title\" content=\"Zahn\u00e4rztlicher Nacht- und Wochenenddienst - Schutzengel Apotheke\" \/>\n<meta property=\"og:description\" content=\"Zahn\u00e4rztlicher Nacht- und Wochenenddienst in Wien\" \/>\n<meta property=\"og:url\" content=\"https:\/\/www.schutzengelapotheke.wien\/?page_id=171\" \/>\n<meta property=\"og:site_name\" content=\"Schutzengel Apotheke\" \/>\n<meta property=\"article:modified_time\" content=\"2023-11-27T20:12:22+00:00\" \/>\n<meta name=\"twitter:card\" content=\"summary_large_image\" \/>\n<meta name=\"twitter:label1\" content=\"Gesch\u00e4tzte Lesezeit\" \/>\n\t<meta name=\"twitter:data1\" content=\"1\u00a0Minute\" \/>\n<script type=\"application\/ld+json\" class=\"yoast-schema-graph\">{\"@context\":\"https:\/\/schema.org\",\"@graph\":[{\"@type\":\"WebPage\",\"@id\":\"https:\/\/www.schutzengelapotheke.wien\/?page_id=171\",\"url\":\"https:\/\/www.schutzengelapotheke.wien\/?page_id=171\",\"name\":\"Zahn\u00e4rztlicher Nacht- und Wochenenddienst - Schutzengel Apotheke\",\"isPartOf\":{\"@id\":\"https:\/\/www.schutzengelapotheke.wien\/#website\"},\"datePublished\":\"2021-02-28T15:18:51+00:00\",\"dateModified\":\"2023-11-27T20:12:22+00:00\",\"description\":\"Zahn\u00e4rztlicher Nacht- und Wochenenddienst in Wien\",\"breadcrumb\":{\"@id\":\"https:\/\/www.schutzengelapotheke.wien\/?page_id=171#breadcrumb\"},\"inLanguage\":\"de\",\"potentialAction\":[{\"@type\":\"ReadAction\",\"target\":[\"https:\/\/www.schutzengelapotheke.wien\/?page_id=171\"]}]},{\"@type\":\"BreadcrumbList\",\"@id\":\"https:\/\/www.schutzengelapotheke.wien\/?page_id=171#breadcrumb\",\"itemListElement\":[{\"@type\":\"ListItem\",\"position\":1,\"name\":\"Startseite\",\"item\":\"https:\/\/www.schutzengelapotheke.wien\/\"},{\"@type\":\"ListItem\",\"position\":2,\"name\":\"Zahn\u00e4rztlicher Nacht- und Wochenenddienst\"}]},{\"@type\":\"WebSite\",\"@id\":\"https:\/\/www.schutzengelapotheke.wien\/#website\",\"url\":\"https:\/\/www.schutzengelapotheke.wien\/\",\"name\":\"Schutzengel Apotheke\",\"description\":\"U1 Taubstummengasse\",\"potentialAction\":[{\"@type\":\"SearchAction\",\"target\":{\"@type\":\"EntryPoint\",\"urlTemplate\":\"https:\/\/www.schutzengelapotheke.wien\/?s={search_term_string}\"},\"query-input\":{\"@type\":\"PropertyValueSpecification\",\"valueRequired\":true,\"valueName\":\"search_term_string\"}}],\"inLanguage\":\"de\"}]}<\/script>\n<!-- \/ Yoast SEO plugin. -->","yoast_head_json":{"title":"Zahn\u00e4rztlicher Nacht- und Wochenenddienst - Schutzengel Apotheke","description":"Zahn\u00e4rztlicher Nacht- und Wochenenddienst in Wien","robots":{"index":"index","follow":"follow","max-snippet":"max-snippet:-1","max-image-preview":"max-image-preview:large","max-video-preview":"max-video-preview:-1"},"canonical":"https:\/\/www.schutzengelapotheke.wien\/?page_id=171","og_locale":"de_DE","og_type":"article","og_title":"Zahn\u00e4rztlicher Nacht- und Wochenenddienst - Schutzengel Apotheke","og_description":"Zahn\u00e4rztlicher Nacht- und Wochenenddienst in Wien","og_url":"https:\/\/www.schutzengelapotheke.wien\/?page_id=171","og_site_name":"Schutzengel Apotheke","article_modified_time":"2023-11-27T20:12:22+00:00","twitter_card":"summary_large_image","twitter_misc":{"Gesch\u00e4tzte Lesezeit":"1\u00a0Minute"},"schema":{"@context":"https:\/\/schema.org","@graph":[{"@type":"WebPage","@id":"https:\/\/www.schutzengelapotheke.wien\/?page_id=171","url":"https:\/\/www.schutzengelapotheke.wien\/?page_id=171","name":"Zahn\u00e4rztlicher Nacht- und Wochenenddienst - Schutzengel Apotheke","isPartOf":{"@id":"https:\/\/www.schutzengelapotheke.wien\/#website"},"datePublished":"2021-02-28T15:18:51+00:00","dateModified":"2023-11-27T20:12:22+00:00","description":"Zahn\u00e4rztlicher Nacht- und Wochenenddienst in Wien","breadcrumb":{"@id":"https:\/\/www.schutzengelapotheke.wien\/?page_id=171#breadcrumb"},"inLanguage":"de","potentialAction":[{"@type":"ReadAction","target":["https:\/\/www.schutzengelapotheke.wien\/?page_id=171"]}]},{"@type":"BreadcrumbList","@id":"https:\/\/www.schutzengelapotheke.wien\/?page_id=171#breadcrumb","itemListElement":[{"@type":"ListItem","position":1,"name":"Startseite","item":"https:\/\/www.schutzengelapotheke.wien\/"},{"@type":"ListItem","position":2,"name":"Zahn\u00e4rztlicher Nacht- und Wochenenddienst"}]},{"@type":"WebSite","@id":"https:\/\/www.schutzengelapotheke.wien\/#website","url":"https:\/\/www.schutzengelapotheke.wien\/","name":"Schutzengel Apotheke","description":"U1 Taubstummengasse","potentialAction":[{"@type":"SearchAction","target":{"@type":"EntryPoint","urlTemplate":"https:\/\/www.schutzengelapotheke.wien\/?s={search_term_string}"},"query-input":{"@type":"PropertyValueSpecification","valueRequired":true,"valueName":"search_term_string"}}],"inLanguage":"de"}]}},"jetpack_sharing_enabled":true,"_links":{"self":[{"href":"https:\/\/www.schutzengelapotheke.wien\/index.php?rest_route=\/wp\/v2\/pages\/171"}],"collection":[{"href":"https:\/\/www.schutzengelapotheke.wien\/index.php?rest_route=\/wp\/v2\/pages"}],"about":[{"href":"https:\/\/www.schutzengelapotheke.wien\/index.php?rest_route=\/wp\/v2\/types\/page"}],"author":[{"embeddable":true,"href":"https:\/\/www.schutzengelapotheke.wien\/index.php?rest_route=\/wp\/v2\/users\/2"}],"replies":[{"embeddable":true,"href":"https:\/\/www.schutzengelapotheke.wien\/index.php?rest_route=%2Fwp%2Fv2%2Fcomments&post=171"}],"version-history":[{"count":4,"href":"https:\/\/www.schutzengelapotheke.wien\/index.php?rest_route=\/wp\/v2\/pages\/171\/revisions"}],"predecessor-version":[{"id":796,"href":"https:\/\/www.schutzengelapotheke.wien\/index.php?rest_route=\/wp\/v2\/pages\/171\/revisions\/796"}],"wp:attachment":[{"href":"https:\/\/www.schutzengelapotheke.wien\/index.php?rest_route=%2Fwp%2Fv2%2Fmedia&parent=171"}],"curies":[{"name":"wp","href":"https:\/\/api.w.org\/{rel}","templated":true}]}}