{"id":378,"date":"2021-03-02T08:53:42","date_gmt":"2021-03-02T08:53:42","guid":{"rendered":"https:\/\/www.schutzengelapotheke.wien\/?page_id=378"},"modified":"2023-02-24T07:24:30","modified_gmt":"2023-02-24T07:24:30","slug":"kundenkarte","status":"publish","type":"page","link":"https:\/\/www.schutzengelapotheke.wien\/?page_id=378","title":{"rendered":"KUNDENKARTE"},"content":{"rendered":"\n<p><strong><span style=\"color:#0071a1\" class=\"has-inline-color\">Ihre Vorteile auf einen Blick:<\/span><\/strong><\/p>\n\n\n\n<p>Sie erhalten einen individuellen Treuebonus f\u00fcr ihre Privateink\u00e4ufe.<\/p>\n\n\n\n<p>Auf Wunsch erstellen wir eine komplette Liste all Ihrer Jahreseink\u00e4ufe zur Vorlage beim Finanzamt, Versicherung oder Krankenkasse. Das l\u00e4stige Sammeln von Belegen entf\u00e4llt.<\/p>\n\n\n\n<p>Produktnamen und Medikamentendetails sind bei uns gespeichert. Sie m\u00fcssen sich nicht mehr alles merken. Mit ihrer Kundenkarte l\u00e4sst sich die ben\u00f6tigte Information leicht finden!<\/p>\n\n\n\n<p>Vorbestellung von Produkten per Telefon oder E-mail wird einfacher.<\/p>\n\n\n\n<p>Durch die l\u00fcckenlose Aufzeichnung ist es jederzeit m\u00f6glich, Ihre Medikamente auf Wechselwirkungen zu pr\u00fcfen.<\/p>\n\n\n\n<p>Sie erhalten exklusive Aktionsangebote zu stark verg\u00fcnstigten Preisen.<\/p>\n\n\n\n<p>Wir informieren Sie falls gew\u00fcnscht rechtzeitig \u00fcber unsere Aktionen, Vortr\u00e4ge und Verkostungen.<\/p>\n\n\n\n<p><\/p>\n","protected":false},"excerpt":{"rendered":"<p>Ihre Vorteile auf einen Blick: Sie erhalten einen individuellen Treuebonus f\u00fcr ihre Privateink\u00e4ufe. Auf Wunsch erstellen wir eine komplette Liste all Ihrer Jahreseink\u00e4ufe zur Vorlage beim Finanzamt, Versicherung oder Krankenkasse. Das l\u00e4stige Sammeln von Belegen entf\u00e4llt. Produktnamen und Medikamentendetails sind bei uns gespeichert. Sie m\u00fcssen sich &hellip; <\/p>\n<p><a href=\"https:\/\/www.schutzengelapotheke.wien\/?page_id=378\" class=\"more-link\"><span class=\"morelink-icon\">Weiterlesen<\/span><\/a><\/p>\n","protected":false},"author":2,"featured_media":0,"parent":0,"menu_order":0,"comment_status":"closed","ping_status":"closed","template":"","meta":{"footnotes":""},"class_list":["post-378","page","type-page","status-publish","hentry"],"yoast_head":"<!-- This site is optimized with the Yoast SEO plugin v23.5 - https:\/\/yoast.com\/wordpress\/plugins\/seo\/ -->\n<title>KUNDENKARTE - Schutzengel Apotheke<\/title>\n<meta name=\"robots\" content=\"index, follow, max-snippet:-1, max-image-preview:large, max-video-preview:-1\" \/>\n<link rel=\"canonical\" href=\"https:\/\/www.schutzengelapotheke.wien\/?page_id=378\" \/>\n<meta property=\"og:locale\" content=\"de_DE\" \/>\n<meta property=\"og:type\" content=\"article\" \/>\n<meta property=\"og:title\" content=\"KUNDENKARTE - Schutzengel Apotheke\" \/>\n<meta property=\"og:description\" content=\"Ihre Vorteile auf einen Blick: Sie erhalten einen individuellen Treuebonus f\u00fcr ihre Privateink\u00e4ufe. Auf Wunsch erstellen wir eine komplette Liste all Ihrer Jahreseink\u00e4ufe zur Vorlage beim Finanzamt, Versicherung oder Krankenkasse. Das l\u00e4stige Sammeln von Belegen entf\u00e4llt. Produktnamen und Medikamentendetails sind bei uns gespeichert. Sie m\u00fcssen sich &hellip; Weiterlesen\" \/>\n<meta property=\"og:url\" content=\"https:\/\/www.schutzengelapotheke.wien\/?page_id=378\" \/>\n<meta property=\"og:site_name\" content=\"Schutzengel Apotheke\" \/>\n<meta property=\"article:modified_time\" content=\"2023-02-24T07:24:30+00:00\" \/>\n<meta name=\"twitter:card\" content=\"summary_large_image\" \/>\n<meta name=\"twitter:label1\" content=\"Gesch\u00e4tzte Lesezeit\" \/>\n\t<meta name=\"twitter:data1\" content=\"1\u00a0Minute\" \/>\n<script type=\"application\/ld+json\" class=\"yoast-schema-graph\">{\"@context\":\"https:\/\/schema.org\",\"@graph\":[{\"@type\":\"WebPage\",\"@id\":\"https:\/\/www.schutzengelapotheke.wien\/?page_id=378\",\"url\":\"https:\/\/www.schutzengelapotheke.wien\/?page_id=378\",\"name\":\"KUNDENKARTE - Schutzengel Apotheke\",\"isPartOf\":{\"@id\":\"https:\/\/www.schutzengelapotheke.wien\/#website\"},\"datePublished\":\"2021-03-02T08:53:42+00:00\",\"dateModified\":\"2023-02-24T07:24:30+00:00\",\"breadcrumb\":{\"@id\":\"https:\/\/www.schutzengelapotheke.wien\/?page_id=378#breadcrumb\"},\"inLanguage\":\"de\",\"potentialAction\":[{\"@type\":\"ReadAction\",\"target\":[\"https:\/\/www.schutzengelapotheke.wien\/?page_id=378\"]}]},{\"@type\":\"BreadcrumbList\",\"@id\":\"https:\/\/www.schutzengelapotheke.wien\/?page_id=378#breadcrumb\",\"itemListElement\":[{\"@type\":\"ListItem\",\"position\":1,\"name\":\"Startseite\",\"item\":\"https:\/\/www.schutzengelapotheke.wien\/\"},{\"@type\":\"ListItem\",\"position\":2,\"name\":\"KUNDENKARTE\"}]},{\"@type\":\"WebSite\",\"@id\":\"https:\/\/www.schutzengelapotheke.wien\/#website\",\"url\":\"https:\/\/www.schutzengelapotheke.wien\/\",\"name\":\"Schutzengel Apotheke\",\"description\":\"U1 Taubstummengasse\",\"potentialAction\":[{\"@type\":\"SearchAction\",\"target\":{\"@type\":\"EntryPoint\",\"urlTemplate\":\"https:\/\/www.schutzengelapotheke.wien\/?s={search_term_string}\"},\"query-input\":{\"@type\":\"PropertyValueSpecification\",\"valueRequired\":true,\"valueName\":\"search_term_string\"}}],\"inLanguage\":\"de\"}]}<\/script>\n<!-- \/ Yoast SEO plugin. -->","yoast_head_json":{"title":"KUNDENKARTE - Schutzengel Apotheke","robots":{"index":"index","follow":"follow","max-snippet":"max-snippet:-1","max-image-preview":"max-image-preview:large","max-video-preview":"max-video-preview:-1"},"canonical":"https:\/\/www.schutzengelapotheke.wien\/?page_id=378","og_locale":"de_DE","og_type":"article","og_title":"KUNDENKARTE - Schutzengel Apotheke","og_description":"Ihre Vorteile auf einen Blick: Sie erhalten einen individuellen Treuebonus f\u00fcr ihre Privateink\u00e4ufe. Auf Wunsch erstellen wir eine komplette Liste all Ihrer Jahreseink\u00e4ufe zur Vorlage beim Finanzamt, Versicherung oder Krankenkasse. Das l\u00e4stige Sammeln von Belegen entf\u00e4llt. Produktnamen und Medikamentendetails sind bei uns gespeichert. Sie m\u00fcssen sich &hellip; Weiterlesen","og_url":"https:\/\/www.schutzengelapotheke.wien\/?page_id=378","og_site_name":"Schutzengel Apotheke","article_modified_time":"2023-02-24T07:24:30+00:00","twitter_card":"summary_large_image","twitter_misc":{"Gesch\u00e4tzte Lesezeit":"1\u00a0Minute"},"schema":{"@context":"https:\/\/schema.org","@graph":[{"@type":"WebPage","@id":"https:\/\/www.schutzengelapotheke.wien\/?page_id=378","url":"https:\/\/www.schutzengelapotheke.wien\/?page_id=378","name":"KUNDENKARTE - Schutzengel Apotheke","isPartOf":{"@id":"https:\/\/www.schutzengelapotheke.wien\/#website"},"datePublished":"2021-03-02T08:53:42+00:00","dateModified":"2023-02-24T07:24:30+00:00","breadcrumb":{"@id":"https:\/\/www.schutzengelapotheke.wien\/?page_id=378#breadcrumb"},"inLanguage":"de","potentialAction":[{"@type":"ReadAction","target":["https:\/\/www.schutzengelapotheke.wien\/?page_id=378"]}]},{"@type":"BreadcrumbList","@id":"https:\/\/www.schutzengelapotheke.wien\/?page_id=378#breadcrumb","itemListElement":[{"@type":"ListItem","position":1,"name":"Startseite","item":"https:\/\/www.schutzengelapotheke.wien\/"},{"@type":"ListItem","position":2,"name":"KUNDENKARTE"}]},{"@type":"WebSite","@id":"https:\/\/www.schutzengelapotheke.wien\/#website","url":"https:\/\/www.schutzengelapotheke.wien\/","name":"Schutzengel Apotheke","description":"U1 Taubstummengasse","potentialAction":[{"@type":"SearchAction","target":{"@type":"EntryPoint","urlTemplate":"https:\/\/www.schutzengelapotheke.wien\/?s={search_term_string}"},"query-input":{"@type":"PropertyValueSpecification","valueRequired":true,"valueName":"search_term_string"}}],"inLanguage":"de"}]}},"jetpack_sharing_enabled":true,"_links":{"self":[{"href":"https:\/\/www.schutzengelapotheke.wien\/index.php?rest_route=\/wp\/v2\/pages\/378"}],"collection":[{"href":"https:\/\/www.schutzengelapotheke.wien\/index.php?rest_route=\/wp\/v2\/pages"}],"about":[{"href":"https:\/\/www.schutzengelapotheke.wien\/index.php?rest_route=\/wp\/v2\/types\/page"}],"author":[{"embeddable":true,"href":"https:\/\/www.schutzengelapotheke.wien\/index.php?rest_route=\/wp\/v2\/users\/2"}],"replies":[{"embeddable":true,"href":"https:\/\/www.schutzengelapotheke.wien\/index.php?rest_route=%2Fwp%2Fv2%2Fcomments&post=378"}],"version-history":[{"count":9,"href":"https:\/\/www.schutzengelapotheke.wien\/index.php?rest_route=\/wp\/v2\/pages\/378\/revisions"}],"predecessor-version":[{"id":727,"href":"https:\/\/www.schutzengelapotheke.wien\/index.php?rest_route=\/wp\/v2\/pages\/378\/revisions\/727"}],"wp:attachment":[{"href":"https:\/\/www.schutzengelapotheke.wien\/index.php?rest_route=%2Fwp%2Fv2%2Fmedia&parent=378"}],"curies":[{"name":"wp","href":"https:\/\/api.w.org\/{rel}","templated":true}]}}