{"id":49,"date":"2021-01-31T18:03:43","date_gmt":"2021-01-31T18:03:43","guid":{"rendered":"https:\/\/www.schutzengelapotheke.wien\/?page_id=49"},"modified":"2024-05-03T09:29:44","modified_gmt":"2024-05-03T09:29:44","slug":"ueber-uns","status":"publish","type":"page","link":"https:\/\/www.schutzengelapotheke.wien\/?page_id=49","title":{"rendered":"Willkommen in der Schutzengel-Apotheke"},"content":{"rendered":"\n<p><strong>Ihr vertrauensvoller Gesundheitspartner in Wien-Wieden seit 1857!<\/strong><\/p>\n\n\n\n<p><\/p>\n\n\n\n<figure class=\"wp-block-image size-large\"><img loading=\"lazy\" decoding=\"async\" width=\"1024\" height=\"576\" src=\"https:\/\/www.schutzengelapotheke.wien\/wp-content\/uploads\/2021\/02\/Schutzengelapo_015-1024x576.jpg\" alt=\"\" class=\"wp-image-154\" srcset=\"https:\/\/www.schutzengelapotheke.wien\/wp-content\/uploads\/2021\/02\/Schutzengelapo_015-1024x576.jpg 1024w, https:\/\/www.schutzengelapotheke.wien\/wp-content\/uploads\/2021\/02\/Schutzengelapo_015-400x225.jpg 400w, https:\/\/www.schutzengelapotheke.wien\/wp-content\/uploads\/2021\/02\/Schutzengelapo_015-768x432.jpg 768w, https:\/\/www.schutzengelapotheke.wien\/wp-content\/uploads\/2021\/02\/Schutzengelapo_015.jpg 1080w\" sizes=\"(max-width: 1024px) 100vw, 1024px\" \/><\/figure>\n\n\n\n<div class=\"wp-block-media-text alignwide is-stacked-on-mobile\"><figure class=\"wp-block-media-text__media\"><img loading=\"lazy\" decoding=\"async\" width=\"960\" height=\"960\" src=\"https:\/\/www.schutzengelapotheke.wien\/wp-content\/uploads\/2021\/02\/Bild-Apotheke.jpg\" alt=\"\" class=\"wp-image-158 size-full\" srcset=\"https:\/\/www.schutzengelapotheke.wien\/wp-content\/uploads\/2021\/02\/Bild-Apotheke.jpg 960w, https:\/\/www.schutzengelapotheke.wien\/wp-content\/uploads\/2021\/02\/Bild-Apotheke-400x400.jpg 400w, https:\/\/www.schutzengelapotheke.wien\/wp-content\/uploads\/2021\/02\/Bild-Apotheke-768x768.jpg 768w, https:\/\/www.schutzengelapotheke.wien\/wp-content\/uploads\/2021\/02\/Bild-Apotheke-590x590.jpg 590w\" sizes=\"(max-width: 960px) 100vw, 960px\" \/><\/figure><div class=\"wp-block-media-text__content\">\n<p>Die Schutzengel-Apotheke z\u00e4hlt zu den \u00e4ltesten und traditionsreichsten Apotheken Wiens. Seit unserer Gr\u00fcndung im Jahre 1857 in der Favoritenstra\u00dfe haben wir uns kontinuierlich an die Bed\u00fcrfnisse und Erwartungen unserer Kunden und der \u00f6rtlichen \u00c4rzteschaft angepasst. Mit einer Geschichte, die \u00fcber 167 Jahre zur\u00fcckreicht, verbinden wir historische Bedeutung mit moderner Pharmazie.<\/p>\n<\/div><\/div>\n\n\n\n<div class=\"wp-block-group\"><div class=\"wp-block-group__inner-container is-layout-flow wp-block-group-is-layout-flow\">\n<div class=\"wp-block-media-text alignwide has-media-on-the-right is-stacked-on-mobile\"><div class=\"wp-block-media-text__content\">\n<p>Unsere Geschichte begann im Jahr 1838, als die Herrschaft \u201eSchaumburgergrund\u201c unter F\u00fcrstin Starhemberg die Errichtung einer Apotheke vorschlug, die allerdings zun\u00e4chst auf Widerstand stie\u00df. Erst nach vielen Anstrengungen und juristischen Auseinandersetzungen konnte der Apotheker Ignaz M\u00f6st 1857 die Bewilligung zur Er\u00f6ffnung der \u201eSchutzengel-Apotheke\u201c sichern. Die offizielle Er\u00f6ffnung fand am 30. Dezember 1857 statt und markierte den Beginn einer neuen \u00c4ra in der pharmazeutischen Versorgung der Gemeinde.<br>Seitdem hat die Apotheke viele Ver\u00e4nderungen erlebt, inklusive mehrerer Besitzerwechsel. <br>Im Jahr 1982 \u00fcbernahm Frau Mag.pharm. Helga Zich die Apotheke nach dem Tod von Dr. Emil van Tongel jun. Ihr Engagement f\u00fcr die Bewahrung des urspr\u00fcnglichen Zustands und die Instandsetzung der Apotheke wurde 1982 von der Stadt Wien gew\u00fcrdigt.<\/p>\n<\/div><figure class=\"wp-block-media-text__media\"><img loading=\"lazy\" decoding=\"async\" width=\"960\" height=\"960\" src=\"https:\/\/www.schutzengelapotheke.wien\/wp-content\/uploads\/2021\/02\/Schutzengelapo_019.jpg\" alt=\"\" class=\"wp-image-152 size-full\" srcset=\"https:\/\/www.schutzengelapotheke.wien\/wp-content\/uploads\/2021\/02\/Schutzengelapo_019.jpg 960w, https:\/\/www.schutzengelapotheke.wien\/wp-content\/uploads\/2021\/02\/Schutzengelapo_019-400x400.jpg 400w, https:\/\/www.schutzengelapotheke.wien\/wp-content\/uploads\/2021\/02\/Schutzengelapo_019-768x768.jpg 768w, https:\/\/www.schutzengelapotheke.wien\/wp-content\/uploads\/2021\/02\/Schutzengelapo_019-590x590.jpg 590w\" sizes=\"(max-width: 960px) 100vw, 960px\" \/><\/figure><\/div>\n<\/div><\/div>\n\n\n\n<div class=\"wp-block-media-text alignwide is-stacked-on-mobile\"><figure class=\"wp-block-media-text__media\"><img loading=\"lazy\" decoding=\"async\" width=\"960\" height=\"960\" src=\"https:\/\/www.schutzengelapotheke.wien\/wp-content\/uploads\/2021\/02\/Schutzengelapo_027.jpg\" alt=\"\" class=\"wp-image-153 size-full\" srcset=\"https:\/\/www.schutzengelapotheke.wien\/wp-content\/uploads\/2021\/02\/Schutzengelapo_027.jpg 960w, https:\/\/www.schutzengelapotheke.wien\/wp-content\/uploads\/2021\/02\/Schutzengelapo_027-400x400.jpg 400w, https:\/\/www.schutzengelapotheke.wien\/wp-content\/uploads\/2021\/02\/Schutzengelapo_027-768x768.jpg 768w, https:\/\/www.schutzengelapotheke.wien\/wp-content\/uploads\/2021\/02\/Schutzengelapo_027-590x590.jpg 590w\" sizes=\"(max-width: 960px) 100vw, 960px\" \/><\/figure><div class=\"wp-block-media-text__content\">\n<p>Heute steht die Schutzengel-Apotheke nicht nur als historisches Denkmal, sondern auch als moderne Einrichtung, die eine breite Palette an pharmazeutischen Dienstleistungen und Beratungen bietet. Unser erfahrenes Team aus pharmazeutischen Fachkr\u00e4ften \u2013 seit 2020 unter der Leitung von Mag.pharm. Arnold Achm\u00fcller \u2013  ist stets bereit, Ihnen mit Rat und Tat zur Seite zu stehen. Wir sind stolz darauf, dass unsere Apotheke seit \u00fcber einem Jahrhundert ein fester Bestandteil der lokalen Gemeinschaft ist und freuen uns darauf, auch weiterhin ein verl\u00e4sslicher Partner f\u00fcr Ihre Gesundheit und Wohlbefinden zu sein.<\/p>\n\n\n\n<p><strong>Besuchen Sie uns in der Favoritenstra\u00dfe und erleben Sie die einzigartige Verbindung von Tradition und Fortschritt.<br>Wir freuen uns auf Ihren Besuch!<\/strong><\/p>\n<\/div><\/div>\n","protected":false},"excerpt":{"rendered":"<p>Ihr vertrauensvoller Gesundheitspartner in Wien-Wieden seit 1857! Die Schutzengel-Apotheke z\u00e4hlt zu den \u00e4ltesten und traditionsreichsten Apotheken Wiens. Seit unserer Gr\u00fcndung im Jahre 1857 in der Favoritenstra\u00dfe haben wir uns kontinuierlich an die Bed\u00fcrfnisse und Erwartungen unserer Kunden und der \u00f6rtlichen \u00c4rzteschaft angepasst. Mit einer Geschichte, die &hellip; <\/p>\n<p><a href=\"https:\/\/www.schutzengelapotheke.wien\/?page_id=49\" class=\"more-link\"><span class=\"morelink-icon\">Weiterlesen<\/span><\/a><\/p>\n","protected":false},"author":2,"featured_media":0,"parent":0,"menu_order":0,"comment_status":"closed","ping_status":"closed","template":"","meta":{"footnotes":""},"class_list":["post-49","page","type-page","status-publish","hentry"],"yoast_head":"<!-- This site is optimized with the Yoast SEO plugin v23.5 - https:\/\/yoast.com\/wordpress\/plugins\/seo\/ -->\n<title>Willkommen in der Schutzengel-Apotheke - Schutzengel Apotheke<\/title>\n<meta name=\"robots\" content=\"index, follow, max-snippet:-1, max-image-preview:large, max-video-preview:-1\" \/>\n<link rel=\"canonical\" href=\"https:\/\/www.schutzengelapotheke.wien\/?page_id=49\" \/>\n<meta property=\"og:locale\" content=\"de_DE\" \/>\n<meta property=\"og:type\" content=\"article\" \/>\n<meta property=\"og:title\" content=\"Willkommen in der Schutzengel-Apotheke - Schutzengel Apotheke\" \/>\n<meta property=\"og:description\" content=\"Ihr vertrauensvoller Gesundheitspartner in Wien-Wieden seit 1857! Die Schutzengel-Apotheke z\u00e4hlt zu den \u00e4ltesten und traditionsreichsten Apotheken Wiens. Seit unserer Gr\u00fcndung im Jahre 1857 in der Favoritenstra\u00dfe haben wir uns kontinuierlich an die Bed\u00fcrfnisse und Erwartungen unserer Kunden und der \u00f6rtlichen \u00c4rzteschaft angepasst. Mit einer Geschichte, die &hellip; Weiterlesen\" \/>\n<meta property=\"og:url\" content=\"https:\/\/www.schutzengelapotheke.wien\/?page_id=49\" \/>\n<meta property=\"og:site_name\" content=\"Schutzengel Apotheke\" \/>\n<meta property=\"article:modified_time\" content=\"2024-05-03T09:29:44+00:00\" \/>\n<meta property=\"og:image\" content=\"https:\/\/www.schutzengelapotheke.wien\/wp-content\/uploads\/2021\/02\/Schutzengelapo_015-1024x576.jpg\" \/>\n<meta name=\"twitter:card\" content=\"summary_large_image\" \/>\n<meta name=\"twitter:label1\" content=\"Gesch\u00e4tzte Lesezeit\" \/>\n\t<meta name=\"twitter:data1\" content=\"3\u00a0Minuten\" \/>\n<script type=\"application\/ld+json\" class=\"yoast-schema-graph\">{\"@context\":\"https:\/\/schema.org\",\"@graph\":[{\"@type\":\"WebPage\",\"@id\":\"https:\/\/www.schutzengelapotheke.wien\/?page_id=49\",\"url\":\"https:\/\/www.schutzengelapotheke.wien\/?page_id=49\",\"name\":\"Willkommen in der Schutzengel-Apotheke - Schutzengel Apotheke\",\"isPartOf\":{\"@id\":\"https:\/\/www.schutzengelapotheke.wien\/#website\"},\"primaryImageOfPage\":{\"@id\":\"https:\/\/www.schutzengelapotheke.wien\/?page_id=49#primaryimage\"},\"image\":{\"@id\":\"https:\/\/www.schutzengelapotheke.wien\/?page_id=49#primaryimage\"},\"thumbnailUrl\":\"https:\/\/www.schutzengelapotheke.wien\/wp-content\/uploads\/2021\/02\/Schutzengelapo_015-1024x576.jpg\",\"datePublished\":\"2021-01-31T18:03:43+00:00\",\"dateModified\":\"2024-05-03T09:29:44+00:00\",\"breadcrumb\":{\"@id\":\"https:\/\/www.schutzengelapotheke.wien\/?page_id=49#breadcrumb\"},\"inLanguage\":\"de\",\"potentialAction\":[{\"@type\":\"ReadAction\",\"target\":[\"https:\/\/www.schutzengelapotheke.wien\/?page_id=49\"]}]},{\"@type\":\"ImageObject\",\"inLanguage\":\"de\",\"@id\":\"https:\/\/www.schutzengelapotheke.wien\/?page_id=49#primaryimage\",\"url\":\"https:\/\/www.schutzengelapotheke.wien\/wp-content\/uploads\/2021\/02\/Schutzengelapo_015.jpg\",\"contentUrl\":\"https:\/\/www.schutzengelapotheke.wien\/wp-content\/uploads\/2021\/02\/Schutzengelapo_015.jpg\",\"width\":1080,\"height\":608},{\"@type\":\"BreadcrumbList\",\"@id\":\"https:\/\/www.schutzengelapotheke.wien\/?page_id=49#breadcrumb\",\"itemListElement\":[{\"@type\":\"ListItem\",\"position\":1,\"name\":\"Startseite\",\"item\":\"https:\/\/www.schutzengelapotheke.wien\/\"},{\"@type\":\"ListItem\",\"position\":2,\"name\":\"Willkommen in der Schutzengel-Apotheke\"}]},{\"@type\":\"WebSite\",\"@id\":\"https:\/\/www.schutzengelapotheke.wien\/#website\",\"url\":\"https:\/\/www.schutzengelapotheke.wien\/\",\"name\":\"Schutzengel Apotheke\",\"description\":\"U1 Taubstummengasse\",\"potentialAction\":[{\"@type\":\"SearchAction\",\"target\":{\"@type\":\"EntryPoint\",\"urlTemplate\":\"https:\/\/www.schutzengelapotheke.wien\/?s={search_term_string}\"},\"query-input\":{\"@type\":\"PropertyValueSpecification\",\"valueRequired\":true,\"valueName\":\"search_term_string\"}}],\"inLanguage\":\"de\"}]}<\/script>\n<!-- \/ Yoast SEO plugin. -->","yoast_head_json":{"title":"Willkommen in der Schutzengel-Apotheke - Schutzengel Apotheke","robots":{"index":"index","follow":"follow","max-snippet":"max-snippet:-1","max-image-preview":"max-image-preview:large","max-video-preview":"max-video-preview:-1"},"canonical":"https:\/\/www.schutzengelapotheke.wien\/?page_id=49","og_locale":"de_DE","og_type":"article","og_title":"Willkommen in der Schutzengel-Apotheke - Schutzengel Apotheke","og_description":"Ihr vertrauensvoller Gesundheitspartner in Wien-Wieden seit 1857! Die Schutzengel-Apotheke z\u00e4hlt zu den \u00e4ltesten und traditionsreichsten Apotheken Wiens. Seit unserer Gr\u00fcndung im Jahre 1857 in der Favoritenstra\u00dfe haben wir uns kontinuierlich an die Bed\u00fcrfnisse und Erwartungen unserer Kunden und der \u00f6rtlichen \u00c4rzteschaft angepasst. Mit einer Geschichte, die &hellip; Weiterlesen","og_url":"https:\/\/www.schutzengelapotheke.wien\/?page_id=49","og_site_name":"Schutzengel Apotheke","article_modified_time":"2024-05-03T09:29:44+00:00","og_image":[{"url":"https:\/\/www.schutzengelapotheke.wien\/wp-content\/uploads\/2021\/02\/Schutzengelapo_015-1024x576.jpg"}],"twitter_card":"summary_large_image","twitter_misc":{"Gesch\u00e4tzte Lesezeit":"3\u00a0Minuten"},"schema":{"@context":"https:\/\/schema.org","@graph":[{"@type":"WebPage","@id":"https:\/\/www.schutzengelapotheke.wien\/?page_id=49","url":"https:\/\/www.schutzengelapotheke.wien\/?page_id=49","name":"Willkommen in der Schutzengel-Apotheke - Schutzengel Apotheke","isPartOf":{"@id":"https:\/\/www.schutzengelapotheke.wien\/#website"},"primaryImageOfPage":{"@id":"https:\/\/www.schutzengelapotheke.wien\/?page_id=49#primaryimage"},"image":{"@id":"https:\/\/www.schutzengelapotheke.wien\/?page_id=49#primaryimage"},"thumbnailUrl":"https:\/\/www.schutzengelapotheke.wien\/wp-content\/uploads\/2021\/02\/Schutzengelapo_015-1024x576.jpg","datePublished":"2021-01-31T18:03:43+00:00","dateModified":"2024-05-03T09:29:44+00:00","breadcrumb":{"@id":"https:\/\/www.schutzengelapotheke.wien\/?page_id=49#breadcrumb"},"inLanguage":"de","potentialAction":[{"@type":"ReadAction","target":["https:\/\/www.schutzengelapotheke.wien\/?page_id=49"]}]},{"@type":"ImageObject","inLanguage":"de","@id":"https:\/\/www.schutzengelapotheke.wien\/?page_id=49#primaryimage","url":"https:\/\/www.schutzengelapotheke.wien\/wp-content\/uploads\/2021\/02\/Schutzengelapo_015.jpg","contentUrl":"https:\/\/www.schutzengelapotheke.wien\/wp-content\/uploads\/2021\/02\/Schutzengelapo_015.jpg","width":1080,"height":608},{"@type":"BreadcrumbList","@id":"https:\/\/www.schutzengelapotheke.wien\/?page_id=49#breadcrumb","itemListElement":[{"@type":"ListItem","position":1,"name":"Startseite","item":"https:\/\/www.schutzengelapotheke.wien\/"},{"@type":"ListItem","position":2,"name":"Willkommen in der Schutzengel-Apotheke"}]},{"@type":"WebSite","@id":"https:\/\/www.schutzengelapotheke.wien\/#website","url":"https:\/\/www.schutzengelapotheke.wien\/","name":"Schutzengel Apotheke","description":"U1 Taubstummengasse","potentialAction":[{"@type":"SearchAction","target":{"@type":"EntryPoint","urlTemplate":"https:\/\/www.schutzengelapotheke.wien\/?s={search_term_string}"},"query-input":{"@type":"PropertyValueSpecification","valueRequired":true,"valueName":"search_term_string"}}],"inLanguage":"de"}]}},"jetpack_sharing_enabled":true,"_links":{"self":[{"href":"https:\/\/www.schutzengelapotheke.wien\/index.php?rest_route=\/wp\/v2\/pages\/49"}],"collection":[{"href":"https:\/\/www.schutzengelapotheke.wien\/index.php?rest_route=\/wp\/v2\/pages"}],"about":[{"href":"https:\/\/www.schutzengelapotheke.wien\/index.php?rest_route=\/wp\/v2\/types\/page"}],"author":[{"embeddable":true,"href":"https:\/\/www.schutzengelapotheke.wien\/index.php?rest_route=\/wp\/v2\/users\/2"}],"replies":[{"embeddable":true,"href":"https:\/\/www.schutzengelapotheke.wien\/index.php?rest_route=%2Fwp%2Fv2%2Fcomments&post=49"}],"version-history":[{"count":16,"href":"https:\/\/www.schutzengelapotheke.wien\/index.php?rest_route=\/wp\/v2\/pages\/49\/revisions"}],"predecessor-version":[{"id":832,"href":"https:\/\/www.schutzengelapotheke.wien\/index.php?rest_route=\/wp\/v2\/pages\/49\/revisions\/832"}],"wp:attachment":[{"href":"https:\/\/www.schutzengelapotheke.wien\/index.php?rest_route=%2Fwp%2Fv2%2Fmedia&parent=49"}],"curies":[{"name":"wp","href":"https:\/\/api.w.org\/{rel}","templated":true}]}}