{"id":492,"date":"2021-03-07T18:59:16","date_gmt":"2021-03-07T18:59:16","guid":{"rendered":"https:\/\/www.schutzengelapotheke.wien\/?page_id=492"},"modified":"2021-12-30T17:32:09","modified_gmt":"2021-12-30T17:32:09","slug":"medikationsmanagement-2","status":"publish","type":"page","link":"https:\/\/www.schutzengelapotheke.wien\/?page_id=492","title":{"rendered":"Medikationsmanagement"},"content":{"rendered":"\n<p>In einer Medikationsanalyse \u00fcberpr\u00fcfen wir in enger Zusammenarbeit mit Ihrem verschreibenden Arzt Ihre Medikation auf Einnahmefehler, m\u00f6gliche Wechselwirkungen und Verbesserungen. Im Zuge dieser Analyse werden s\u00e4mtliche von Ihnen eingenommene Medikamente und Nahrungserg\u00e4nzungsmittel erfasst und ihr Therapieplan umfassend analysiert.<\/p>\n\n\n\n<h3 class=\"wp-block-heading\" id=\"polymedikation\">Polymedikation<\/h3>\n\n\n\n<p>Wenn mehrere Medikamente eingenommen werden, k\u00f6nnen sich diese in ihrer Wirkung abschw\u00e4chen oder verst\u00e4rken. Auch Nahrungserg\u00e4nzungsmittel wie Vitamine und Mineralstoffe, aber auch Heilpflanzen k\u00f6nnen mit einigen Arzneien interagieren. Je mehr Medikamente eingenommen werden desto gr\u00f6\u00dfer wird das Risiko f\u00fcr diese Wechselwirkungen. Wir analysieren ihren Therapieplan und suchen gegebenenfalls in Zusammenarbeit mit Ihrem Arzt L\u00f6sungen f\u00fcr etwaige problematische Kombinationen.<\/p>\n\n\n\n<h3 class=\"wp-block-heading\" id=\"einnahmefehler\">Einnahmefehler<\/h3>\n\n\n\n<p>Ob den nicht richtig gelagerten Asthmaspray, das unn\u00f6tig eingenommene Nahrungserg\u00e4nzungsmittel oder den falschen Einnahmezeitpunkt ihres Arzneimittels, als Spezialisten f\u00fcr Arzneimittel finden wir m\u00f6gliche Fehlerquellen ihrer Medikation und kl\u00e4ren Sie \u00fcber m\u00f6gliche Verbesserungen auf.<\/p>\n\n\n\n<figure class=\"wp-block-embed is-type-video is-provider-youtube wp-block-embed-youtube wp-embed-aspect-16-9 wp-has-aspect-ratio\"><div class=\"wp-block-embed__wrapper\">\n<iframe loading=\"lazy\" title=\"Was leistet die Medikationsanalyse?\" width=\"960\" height=\"540\" src=\"https:\/\/www.youtube.com\/embed\/--xprMh7WQA?feature=oembed\" frameborder=\"0\" allow=\"accelerometer; autoplay; clipboard-write; encrypted-media; gyroscope; picture-in-picture\" allowfullscreen><\/iframe>\n<\/div><\/figure>\n\n\n\n<h3 class=\"wp-block-heading\" id=\"kosten-unserer-analyse\">Kosten unserer Analyse<\/h3>\n\n\n\n<p>Bei uns werden Ihre von Ihnen abgeholten Medikamente im t\u00e4glichen Kundenkontakt stets auf Wechselwirkungen abgeglichen, doch manche Problemstellungen bed\u00fcrfen einer eingehenderen Analyse. Deshalb nehmen wir uns f\u00fcr Sie Zeit und besprechen in zwei aufeinanderfolgenden Terminen in einem vertraulichen Gespr\u00e4ch in unserem Beratungszimmer ihre Medikation, m\u00f6gliche Fehler und Verbesserungen. Dieses Service kostet einmalig 45 Euro.<\/p>\n\n\n\n<p><strong>Fragen Sie gleich hier nach einem Beratungstermin (oder telefonisch unter 43 1 505 01 24<\/strong>):<\/p>\n\n\n\n<div class=\"wp-block-contact-form-7-contact-form-selector\">\n<div class=\"wpcf7 no-js\" id=\"wpcf7-f195-o1\" lang=\"de-DE\" dir=\"ltr\">\n<div class=\"screen-reader-response\"><p role=\"status\" aria-live=\"polite\" aria-atomic=\"true\"><\/p> <ul><\/ul><\/div>\n<form action=\"\/index.php?rest_route=%2Fwp%2Fv2%2Fpages%2F492#wpcf7-f195-o1\" method=\"post\" class=\"wpcf7-form init\" aria-label=\"Kontaktformular\" novalidate=\"novalidate\" data-status=\"init\">\n<div style=\"display: none;\">\n<input type=\"hidden\" name=\"_wpcf7\" value=\"195\" \/>\n<input type=\"hidden\" name=\"_wpcf7_version\" value=\"5.9.8\" \/>\n<input type=\"hidden\" name=\"_wpcf7_locale\" value=\"de_DE\" \/>\n<input type=\"hidden\" name=\"_wpcf7_unit_tag\" value=\"wpcf7-f195-o1\" \/>\n<input type=\"hidden\" name=\"_wpcf7_container_post\" value=\"0\" \/>\n<input type=\"hidden\" name=\"_wpcf7_posted_data_hash\" value=\"\" \/>\n<\/div>\n<p><label> Ihr Name<br \/>\n<span class=\"wpcf7-form-control-wrap\" data-name=\"your-name\"><input size=\"40\" maxlength=\"400\" class=\"wpcf7-form-control wpcf7-text wpcf7-validates-as-required\" aria-required=\"true\" aria-invalid=\"false\" value=\"\" type=\"text\" name=\"your-name\" \/><\/span> <\/label>\n<\/p>\n<p><label> Ihre E-Mail-Adresse<br \/>\n<span class=\"wpcf7-form-control-wrap\" data-name=\"your-email\"><input size=\"40\" maxlength=\"400\" class=\"wpcf7-form-control wpcf7-email wpcf7-validates-as-required wpcf7-text wpcf7-validates-as-email\" aria-required=\"true\" aria-invalid=\"false\" value=\"\" type=\"email\" name=\"your-email\" \/><\/span> <\/label>\n<\/p>\n<p><label> Betreff<br \/>\n<span class=\"wpcf7-form-control-wrap\" data-name=\"your-subject\"><input size=\"40\" maxlength=\"400\" class=\"wpcf7-form-control wpcf7-text wpcf7-validates-as-required\" aria-required=\"true\" aria-invalid=\"false\" value=\"\" type=\"text\" name=\"your-subject\" \/><\/span> <\/label>\n<\/p>\n<p><label> Ihre Nachricht (optional)<br \/>\n<span class=\"wpcf7-form-control-wrap\" data-name=\"your-message\"><textarea cols=\"40\" rows=\"10\" maxlength=\"2000\" class=\"wpcf7-form-control wpcf7-textarea\" aria-invalid=\"false\" name=\"your-message\"><\/textarea><\/span> <\/label>\n<\/p>\n<p><input class=\"wpcf7-form-control wpcf7-submit has-spinner\" type=\"submit\" value=\"Senden\" \/>\n<\/p><p style=\"display: none !important;\" class=\"akismet-fields-container\" data-prefix=\"_wpcf7_ak_\"><label>&#916;<textarea name=\"_wpcf7_ak_hp_textarea\" cols=\"45\" rows=\"8\" maxlength=\"100\"><\/textarea><\/label><input type=\"hidden\" id=\"ak_js_1\" name=\"_wpcf7_ak_js\" value=\"19\"\/><script type=\"text\/javascript\">\n\/* <![CDATA[ *\/\ndocument.getElementById( \"ak_js_1\" ).setAttribute( \"value\", ( new Date() ).getTime() );\n\/* ]]> *\/\n<\/script>\n<\/p><div class=\"wpcf7-response-output\" aria-hidden=\"true\"><\/div>\n<\/form>\n<\/div>\n<\/div>\n\n\n\n<p><\/p>\n","protected":false},"excerpt":{"rendered":"<p>In einer Medikationsanalyse \u00fcberpr\u00fcfen wir in enger Zusammenarbeit mit Ihrem verschreibenden Arzt Ihre Medikation auf Einnahmefehler, m\u00f6gliche Wechselwirkungen und Verbesserungen. Im Zuge dieser Analyse werden s\u00e4mtliche von Ihnen eingenommene Medikamente und Nahrungserg\u00e4nzungsmittel erfasst und ihr Therapieplan umfassend analysiert. Polymedikation Wenn mehrere Medikamente eingenommen werden, k\u00f6nnen sich &hellip; <\/p>\n<p><a href=\"https:\/\/www.schutzengelapotheke.wien\/?page_id=492\" class=\"more-link\"><span class=\"morelink-icon\">Weiterlesen<\/span><\/a><\/p>\n","protected":false},"author":2,"featured_media":0,"parent":0,"menu_order":0,"comment_status":"closed","ping_status":"closed","template":"","meta":{"footnotes":""},"class_list":["post-492","page","type-page","status-publish","hentry"],"yoast_head":"<!-- This site is optimized with the Yoast SEO plugin v23.5 - https:\/\/yoast.com\/wordpress\/plugins\/seo\/ -->\n<title>Medikationsmanagement - Schutzengel Apotheke<\/title>\n<meta name=\"robots\" content=\"index, follow, max-snippet:-1, max-image-preview:large, max-video-preview:-1\" \/>\n<link rel=\"canonical\" href=\"https:\/\/www.schutzengelapotheke.wien\/?page_id=492\" \/>\n<meta property=\"og:locale\" content=\"de_DE\" \/>\n<meta property=\"og:type\" content=\"article\" \/>\n<meta property=\"og:title\" content=\"Medikationsmanagement - Schutzengel Apotheke\" \/>\n<meta property=\"og:description\" content=\"In einer Medikationsanalyse \u00fcberpr\u00fcfen wir in enger Zusammenarbeit mit Ihrem verschreibenden Arzt Ihre Medikation auf Einnahmefehler, m\u00f6gliche Wechselwirkungen und Verbesserungen. Im Zuge dieser Analyse werden s\u00e4mtliche von Ihnen eingenommene Medikamente und Nahrungserg\u00e4nzungsmittel erfasst und ihr Therapieplan umfassend analysiert. Polymedikation Wenn mehrere Medikamente eingenommen werden, k\u00f6nnen sich &hellip; Weiterlesen\" \/>\n<meta property=\"og:url\" content=\"https:\/\/www.schutzengelapotheke.wien\/?page_id=492\" \/>\n<meta property=\"og:site_name\" content=\"Schutzengel Apotheke\" \/>\n<meta property=\"article:modified_time\" content=\"2021-12-30T17:32:09+00:00\" \/>\n<meta name=\"twitter:card\" content=\"summary_large_image\" \/>\n<meta name=\"twitter:label1\" content=\"Gesch\u00e4tzte Lesezeit\" \/>\n\t<meta name=\"twitter:data1\" content=\"2\u00a0Minuten\" \/>\n<script type=\"application\/ld+json\" class=\"yoast-schema-graph\">{\"@context\":\"https:\/\/schema.org\",\"@graph\":[{\"@type\":\"WebPage\",\"@id\":\"https:\/\/www.schutzengelapotheke.wien\/?page_id=492\",\"url\":\"https:\/\/www.schutzengelapotheke.wien\/?page_id=492\",\"name\":\"Medikationsmanagement - Schutzengel Apotheke\",\"isPartOf\":{\"@id\":\"https:\/\/www.schutzengelapotheke.wien\/#website\"},\"datePublished\":\"2021-03-07T18:59:16+00:00\",\"dateModified\":\"2021-12-30T17:32:09+00:00\",\"breadcrumb\":{\"@id\":\"https:\/\/www.schutzengelapotheke.wien\/?page_id=492#breadcrumb\"},\"inLanguage\":\"de\",\"potentialAction\":[{\"@type\":\"ReadAction\",\"target\":[\"https:\/\/www.schutzengelapotheke.wien\/?page_id=492\"]}]},{\"@type\":\"BreadcrumbList\",\"@id\":\"https:\/\/www.schutzengelapotheke.wien\/?page_id=492#breadcrumb\",\"itemListElement\":[{\"@type\":\"ListItem\",\"position\":1,\"name\":\"Startseite\",\"item\":\"https:\/\/www.schutzengelapotheke.wien\/\"},{\"@type\":\"ListItem\",\"position\":2,\"name\":\"Medikationsmanagement\"}]},{\"@type\":\"WebSite\",\"@id\":\"https:\/\/www.schutzengelapotheke.wien\/#website\",\"url\":\"https:\/\/www.schutzengelapotheke.wien\/\",\"name\":\"Schutzengel Apotheke\",\"description\":\"U1 Taubstummengasse\",\"potentialAction\":[{\"@type\":\"SearchAction\",\"target\":{\"@type\":\"EntryPoint\",\"urlTemplate\":\"https:\/\/www.schutzengelapotheke.wien\/?s={search_term_string}\"},\"query-input\":{\"@type\":\"PropertyValueSpecification\",\"valueRequired\":true,\"valueName\":\"search_term_string\"}}],\"inLanguage\":\"de\"}]}<\/script>\n<!-- \/ Yoast SEO plugin. -->","yoast_head_json":{"title":"Medikationsmanagement - Schutzengel Apotheke","robots":{"index":"index","follow":"follow","max-snippet":"max-snippet:-1","max-image-preview":"max-image-preview:large","max-video-preview":"max-video-preview:-1"},"canonical":"https:\/\/www.schutzengelapotheke.wien\/?page_id=492","og_locale":"de_DE","og_type":"article","og_title":"Medikationsmanagement - Schutzengel Apotheke","og_description":"In einer Medikationsanalyse \u00fcberpr\u00fcfen wir in enger Zusammenarbeit mit Ihrem verschreibenden Arzt Ihre Medikation auf Einnahmefehler, m\u00f6gliche Wechselwirkungen und Verbesserungen. Im Zuge dieser Analyse werden s\u00e4mtliche von Ihnen eingenommene Medikamente und Nahrungserg\u00e4nzungsmittel erfasst und ihr Therapieplan umfassend analysiert. Polymedikation Wenn mehrere Medikamente eingenommen werden, k\u00f6nnen sich &hellip; Weiterlesen","og_url":"https:\/\/www.schutzengelapotheke.wien\/?page_id=492","og_site_name":"Schutzengel Apotheke","article_modified_time":"2021-12-30T17:32:09+00:00","twitter_card":"summary_large_image","twitter_misc":{"Gesch\u00e4tzte Lesezeit":"2\u00a0Minuten"},"schema":{"@context":"https:\/\/schema.org","@graph":[{"@type":"WebPage","@id":"https:\/\/www.schutzengelapotheke.wien\/?page_id=492","url":"https:\/\/www.schutzengelapotheke.wien\/?page_id=492","name":"Medikationsmanagement - Schutzengel Apotheke","isPartOf":{"@id":"https:\/\/www.schutzengelapotheke.wien\/#website"},"datePublished":"2021-03-07T18:59:16+00:00","dateModified":"2021-12-30T17:32:09+00:00","breadcrumb":{"@id":"https:\/\/www.schutzengelapotheke.wien\/?page_id=492#breadcrumb"},"inLanguage":"de","potentialAction":[{"@type":"ReadAction","target":["https:\/\/www.schutzengelapotheke.wien\/?page_id=492"]}]},{"@type":"BreadcrumbList","@id":"https:\/\/www.schutzengelapotheke.wien\/?page_id=492#breadcrumb","itemListElement":[{"@type":"ListItem","position":1,"name":"Startseite","item":"https:\/\/www.schutzengelapotheke.wien\/"},{"@type":"ListItem","position":2,"name":"Medikationsmanagement"}]},{"@type":"WebSite","@id":"https:\/\/www.schutzengelapotheke.wien\/#website","url":"https:\/\/www.schutzengelapotheke.wien\/","name":"Schutzengel Apotheke","description":"U1 Taubstummengasse","potentialAction":[{"@type":"SearchAction","target":{"@type":"EntryPoint","urlTemplate":"https:\/\/www.schutzengelapotheke.wien\/?s={search_term_string}"},"query-input":{"@type":"PropertyValueSpecification","valueRequired":true,"valueName":"search_term_string"}}],"inLanguage":"de"}]}},"jetpack_sharing_enabled":true,"_links":{"self":[{"href":"https:\/\/www.schutzengelapotheke.wien\/index.php?rest_route=\/wp\/v2\/pages\/492"}],"collection":[{"href":"https:\/\/www.schutzengelapotheke.wien\/index.php?rest_route=\/wp\/v2\/pages"}],"about":[{"href":"https:\/\/www.schutzengelapotheke.wien\/index.php?rest_route=\/wp\/v2\/types\/page"}],"author":[{"embeddable":true,"href":"https:\/\/www.schutzengelapotheke.wien\/index.php?rest_route=\/wp\/v2\/users\/2"}],"replies":[{"embeddable":true,"href":"https:\/\/www.schutzengelapotheke.wien\/index.php?rest_route=%2Fwp%2Fv2%2Fcomments&post=492"}],"version-history":[{"count":7,"href":"https:\/\/www.schutzengelapotheke.wien\/index.php?rest_route=\/wp\/v2\/pages\/492\/revisions"}],"predecessor-version":[{"id":673,"href":"https:\/\/www.schutzengelapotheke.wien\/index.php?rest_route=\/wp\/v2\/pages\/492\/revisions\/673"}],"wp:attachment":[{"href":"https:\/\/www.schutzengelapotheke.wien\/index.php?rest_route=%2Fwp%2Fv2%2Fmedia&parent=492"}],"curies":[{"name":"wp","href":"https:\/\/api.w.org\/{rel}","templated":true}]}}